n base 7, what is -12151 + -3?
-12154
In base 14, what is -4 - 35?
-39
In base 12, what is -7 + -4?
-b
In base 2, what is -1100111 - -11?
-1100100
In base 16, what is -510 + 1?
-50f
In base 9, what is -34210 + -3?
-34213
In base 9, what is 13 + -4?
8
In base 14, what is ad + -3?
aa
In base 14, what is -2 - c?
-10
In base 10, what is 34 - -40?
74
In base 6, what is -12 - 5215?
-5231
In base 15, what is 153 - -4?
157
In base 9, what is -14067 - 2?
-14070
In base 10, what is 2 + 3?
5
In base 10, what is 0 + -3?
-3
In base 14, what is -45d - -1?
-45c
In base 15, what is da - -2?
dc
In base 10, what is -216 - 0?
-216
In base 16, what is 8 - -10c?
114
In base 2, what is -1001 + 10010?
1001
In base 15, what is -75e + 1?
-75d
In base 14, what is 3 - 41?
-3c
In base 8, what is 516 + 2?
520
In base 3, what is -1 + -1212211?
-1212212
In base 16, what is 1 + 449?
44a
In base 8, what is -2 + -7122?
-7124
In base 10, what is -4279 + 5?
-4274
In base 13, what is -229 + -7?
-233
In base 5, what is -2 + -300041?
-300043
In base 8, what is 4263 - -4?
4267
In base 8, what is 1 + -120?
-117
In base 8, what is 105 - 5?
100
In base 10, what is 37 + -6?
31
In base 6, what is 2 + 3323?
3325
In base 9, what is -171 - 8?
-180
In base 8, what is -3 - -165?
162
In base 2, what is 10 + 111101110010?
111101110100
In base 5, what is 4 - -11132?
11141
In base 4, what is 0 - 100302?
-100302
In base 7, what is 4 + -6245?
-6241
In base 13, what is -12 + -18?
-2a
In base 10, what is 291 - 4?
287
In base 8, what is -1 + -15?
-16
In base 13, what is 2 - -1494?
1496
In base 5, what is 2 + 342?
344
In base 14, what is -180 + 8d?
-d1
In base 13, what is -1 + 120?
11c
In base 6, what is 0 - -34?
34
In base 12, what is 7 - 1?
6
In base 8, what is -5436 - -4?
-5432
In base 4, what is -3 - -213230?
213221
In base 16, what is ef0 - 4?
eec
In base 13, what is -374 + -4?
-378
In base 3, what is 212 + -1?
211
In base 3, what is 2 + 0?
2
In base 12, what is 1 - -17?
18
In base 4, what is 11 - 223010?
-222333
In base 13, what is -2b - a5?
-103
In base 16, what is 6 + -585?
-57f
In base 4, what is -1 + -123001?
-123002
In base 14, what is 2 + -893?
-891
In base 12, what is 4 + 17?
1b
In base 4, what is -12 - -12?
0
In base 15, what is -3a7 - -2?
-3a5
In base 14, what is 1d - a?
13
In base 4, what is 112 + 12?
130
In base 9, what is 5 + 6323?
6328
In base 11, what is 620 - -4?
624
In base 10, what is 142 - 0?
142
In base 16, what is -40 + 5?
-3b
In base 16, what is 57 - 2d?
2a
In base 11, what is 5 + -15?
-10
In base 7, what is -5 - -335?
330
In base 16, what is -2c - 9?
-35
In base 16, what is a - -7?
11
In base 14, what is -18 - -5?
-13
In base 10, what is 2 - -2452?
2454
In base 7, what is 0 + -2034?
-2034
In base 14, what is 1678 - -5?
167d
In base 14, what is -3b0 + 5?
-3a9
In base 4, what is -2 - 2101?
-2103
In base 14, what is 7b - -5?
82
In base 9, what is -1 + -804?
-805
In base 13, what is 103 - -1?
104
In base 15, what is -18a3 + 3?
-18a0
In base 2, what is 10000110110 + -101?
10000110001
In base 3, what is -110001 - -11?
-102220
In base 4, what is -3 - -212033?
212030
In base 3, what is -2 - 110?
-112
In base 15, what is -1 - -32?
31
In base 10, what is -1 + 114?
113
In base 14, what is 3a9 - 2?
3a7
In base 8, what is 0 - 515?
-515
In base 2, what is 10111 - -1001100?
1100011
In base 12, what is -175 - -1?
-174
In base 13, what is -179 + 1b?
-15b
In base 16, what is db + 5?
e0
In base 7, what is 4 - 233?
-226
In base 7, what is 55 - -1?
56
In base 11, what is 191 - 2?
18a
In base 10, what is 431 - 14?
417
In base 14, what is -7b + 1?
-7a
In base 8, what is -3 + 11135?
11132
In base 16, what is -9 - -1e?
15
In base 7, what is -62 - -4?
-55
In base 7, what is 141 + 0?
141
In base 12, what is -199 - 0?
-199
In base 2, what is 1010110010110010 - -10?
1010110010110100
In base 16, what is -b - e2?
-ed
In base 12, what is -2 - -11?
b
In base 9, what is 112 + 15?
127
In base 3, what is -1020021 - -212?
-1012102
In base 11, what is 4a4 - 0?
4a4
In base 10, what is -1237 + -5?
-1242
In base 12, what is -6 + 169?
163
In base 4, what is 2 + 1010?
1012
In base 6, what is 5 + -5?
0
In base 3, what is 11 + -21?
-10
In base 3, what is 11212 - -2020?
21002
In base 5, what is 3042213 + -10?
3042203
In base 2, what is 11010 + 100?
11110
In base 11, what is 9087 - 4?
9083
In base 2, what is 0 - -10000101010?
10000101010
In base 3, what is -12 + -120111?
-120200
In base 3, what is -10 + -1020?
-1100
In base 11, what is -a - 16?
-25
In base 10, what is 44 + 4?
48
In base 8, what is 5 - -6360?
6365
In base 16, what is 1 + -5?
-4
In base 15, what is 33 + 1b?
4e
In base 7, what is 20 - -5?
25
In base 6, what is 4 - 142?
-134
In base 16, what is -60 - 35?
-95
In base 9, what is 305 + -8?
286
In base 8, what is 121 - -50?
171
In base 3, what is 100212 - 10?
100202
In base 16, what is -b + -e?
-19
In base 5, what is 341 + 10?
401
In base 3, what is 12 + 210?
222
In base 16, what is -b + -31?
-3c
In base 15, what is -75 - -5?
-70
In base 6, what is -5 - -224?
215
In base 14, what is 7 + -2b?
-24
In base 15, what is 6 - 11?
-a
In base 4, what is -230 + -23?
-313
In base 13, what is -132 - -6c?
-93
In base 3, what is 1 - -121001?
121002
In base 13, what is -8 - 572?
-57a
In base 13, what is -c5 + -3?
-c8
In base 7, what is 2 - 12564?
-12562
In base 16, what is 2 + 16?
18
In base 8, what is -75 - 61?
-156
In base 10, what is 0 - 18?
-18
In base 16, what is 3c2 + -9?
3b9
In base 4, what is 131232 + 11?
131303
In base 10, what is 21 - 151?
-130
In base 8, what is 110 + -51?
37
In base 5, what is -24130 + -2?
-24132
In base 15, what is 1cc - 4?
1c8
In base 12, what is 7 - 111?
-106
In base 16, what is -3 + 15?
12
In base 16, what is 11 - f?
2
In base 15, what is -7 + 53?
4b
In base 10, what is -299 + 7?
-292
In base 2, what is -100100110 + 1?
-100100101
In base 3, what is -2 - 10211212?
-10211221
In base 13, what is -1 + -262?
-263
In base 10, what is 31 + 46?
77
In base 4, what is -1 - -1123?
1122
In base 7, what is -560 - 3?
-563
In base 14, what is 177 + -5?
172
In base 9, what is 2 - 25?
-23
In base 6, what is -2 + -1050?
-1052
In base 2, what is 100 - -100101?
101001
In base 9, what is 884 + -22?
862
In base 4, what is -3 - 102000?
-102003
In base 12, what is -3 + 7?
4
In base 7, what is -62 + -2?
-64
In base 11, what is 392 + -15?
378
In base 14, what is 6b + -b?
60
In base 10, what is -346 + 25?
-321
In base 7, what is 22 - -344?
366
In base 12, what is -2 - 3b5?
-3b7
In base 15, what is -d - -d?
0
In base 2, what is 101011011100 + 101?
101011100001
In base 11, what is -5 - 145?
-14a
In base 3, what is -12 + -22222?
-100011
In base 12, what is -b6 - 6?
-100
In base 2, what is -1010 - -1111011100?
1111010010
In base 14, what is -5 + -509?
-510
In base 8, what is -405 - -1?
-404
In base 11, what is 1930 + 0?
1930
In base 8, what is -64 - -3?
-61
In base 13, what is 8 + 41?
49
In base 16, what is -57 + 2?
-55
In base 16, what is -800 + -2?
-802
In base 2, what is -10101 - 1110?
-100011
In base 11, what is 8 + 7a?
87
In base 16, what is 2b - -9?
34
In base 6, what is -1 - -253?
252
In base 16, what is -2 + 56?
54
In base 15, what is -d6 + -4?
-da
In base 9, what is 352 - 0?
352
In base 16, what is -3 - f2?
-f5
In base 10, what is 1532 - -3?
1535
In base 13, what is 11 - -13?
24
In base 3, what is -1220 + 2021?
101
In base 9, what is -10 + 24?
14
In base 12, what is -40b + 10?
-3bb
In base 8, what is -4 - 0?
-4
In base 14, what is 4 + 1b2?
1b6
In base 15, what is 5 - b42?
-b3c
In base 2, what is 11010100 - 0?
11010100
In base 11, what is -17 + 4?
-13
In base 16, what is -1 - -389?
388
In base 6, what is 4 - 252?
-244
In base 7, what is 2226 + -1?
2225
In base 11, what is 1 + -703?
-702
In base 12, what is -1 - b25?
-b26
In base 6, what is -130 + -2?
-132
In base 12, what is -a - 264?
-272
In base 12, what is -1 - 73b?
-740
In base 3, what is -101210 - -11?
-101122
In base 13, what is -3 - 58?
-5b
In base 6, what is -4100 - 4?
-4104
In base 7, what is -35 + -13?
-51
In base 11, what is 11 + 47?
58
In base 7, what is -2 - -1642?
1640
In base 15, what is 3 - -64?
67
In base 5, what is 10410 - -3?
10413
In base 8, what is -2 + 450?
446
In base 16, what is 9 - -fe?
107
In base 14, what is 4 + 396?
39a
In base 14, wh